the remainder when 157751 is divided by 78811.
129
What is the remainder when 4848520 is divided by 1212130?
0
Calculate the remainder when 199327 is divided by 22039.
976
Calculate the remainder when 890342 is divided by 203.
187
Calculate the remainder when 1224585 is divided by 430.
375
What is the remainder when 2831216 is divided by 28598?
14
What is the remainder when 338071 is divided by 168968?
135
Calculate the remainder when 1945185 is divided by 249.
246
Calculate the remainder when 374483 is divided by 74886.
53
What is the remainder when 3210 is divided by 1273?
664
What is the remainder when 498132379 is divided by 2559?
2557
What is the remainder when 51790 is divided by 12920?
110
What is the remainder when 558758 is divided by 33?
2
What is the remainder when 32778772 is divided by 2075?
2072
What is the remainder when 2275383 is divided by 3583?
178
Calculate the remainder when 40444505 is divided by 1064328.
41
Calculate the remainder when 1205906 is divided by 388.
2
What is the remainder when 1300189 is divided by 32?
29
Calculate the remainder when 575092 is divided by 287536.
20
Calculate the remainder when 233218 is divided by 3740.
1338
Calculate the remainder when 2968858 is divided by 2169.
1666
Calculate the remainder when 904640 is divided by 1253.
1227
What is the remainder when 2627449 is divided by 23?
21
What is the remainder when 29149053 is divided by 34?
3
Calculate the remainder when 38446968 is divided by 203423.
21
What is the remainder when 30603 is divided by 4734?
2199
What is the remainder when 347063389 is divided by 52?
49
Calculate the remainder when 65333 is divided by 4608.
821
What is the remainder when 472582 is divided by 420?
82
Calculate the remainder when 1901241 is divided by 388.
41
What is the remainder when 25823412 is divided by 3971?
3970
Calculate the remainder when 181403524 is divided by 509.
505
What is the remainder when 567540 is divided by 1255?
280
Calculate the remainder when 9642 is divided by 3081.
399
What is the remainder when 21643019 is divided by 441694?
13
Calculate the remainder when 366208 is divided by 122030.
118
Calculate the remainder when 147383 is divided by 471.
431
Calculate the remainder when 183662 is divided by 91783.
96
Calculate the remainder when 15426 is divided by 3713.
574
What is the remainder when 121924 is divided by 3903?
931
What is the remainder when 662079 is divided by 9458?
19
Calculate the remainder when 126023 is divided by 3217.
560
What is the remainder when 98303 is divided by 16340?
263
Calculate the remainder when 18987959 is divided by 18.
11
Calculate the remainder when 634317 is divided by 634297.
20
Calculate the remainder when 2233309 is divided by 171793.
0
What is the remainder when 20747019 is divided by 95?
64
Calculate the remainder when 7304277 is divided by 13704.
45
Calculate the remainder when 13609 is divided by 2296.
2129
What is the remainder when 3311934 is divided by 1734?
1728
Calculate the remainder when 752172 is divided by 5571.
87
Calculate the remainder when 164840928 is divided by 197.
193
What is the remainder when 176852 is divided by 1535?
327
Calculate the remainder when 2250123 is divided by 322.
309
What is the remainder when 252240 is divided by 15750?
240
Calculate the remainder when 839596198 is divided by 237.
235
What is the remainder when 9841890 is divided by 24361?
46
What is the remainder when 2281571 is divided by 2259?
2240
What is the remainder when 346143 is divided by 953?
204
Calculate the remainder when 6228873 is divided by 3102.
57
What is the remainder when 9954175 is divided by 5627?
12
Calculate the remainder when 368250749 is divided by 184125371.
7
Calculate the remainder when 101249502 is divided by 244.
238
What is the remainder when 789867 is divided by 2041?
0
Calculate the remainder when 885664 is divided by 38507.
3
What is the remainder when 470302 is divided by 42723?
349
Calculate the remainder when 1910655 is divided by 697.
178
What is the remainder when 7953 is divided by 7848?
105
Calculate the remainder when 4737362 is divided by 314.
44
What is the remainder when 885174700 is divided by 13822?
13820
Calculate the remainder when 3335633 is divided by 370610.
143
What is the remainder when 3181891 is divided by 454545?
76
What is the remainder when 97436561 is divided by 7?
5
Calculate the remainder when 556451 is divided by 481.
415
Calculate the remainder when 1682566 is divided by 9350.
8916
What is the remainder when 7320965 is divided by 3660469?
27
What is the remainder when 5684871 is divided by 46?
7
What is the remainder when 6213792 is divided by 3106673?
446
What is the remainder when 410784584 is divided by 21?
14
Calculate the remainder when 830772 is divided by 3135.
3132
What is the remainder when 3219029 is divided by 3218939?
90
Calculate the remainder when 51562974 is divided by 2553.
33
Calculate the remainder when 1068129 is divided by 6174.
27
Calculate the remainder when 1592025 is divided by 2412.
105
Calculate the remainder when 5006299 is divided by 325.
324
What is the remainder when 3401631 is divided by 46?
23
What is the remainder when 1010811 is divided by 67383?
66
What is the remainder when 937969 is divided by 69?
52
What is the remainder when 158969621 is divided by 1849?
1846
What is the remainder when 36359 is divided by 12039?
242
What is the remainder when 1548213 is divided by 1895?
1893
Calculate the remainder when 24360420 is divided by 2030034.
12
What is the remainder when 32366015 is divided by 64?
63
What is the remainder when 827509 is divided by 413703?
103
Calculate the remainder when 1957548 is divided by 268.
76
What is the remainder when 118277 is divided by 810?
17
What is the remainder when 1504639 is divided by 980?
339
What is the remainder when 15435897 is divided by 180?
177
Calculate the remainder when 15374409 is divided by 195.
24
What is the remainder when 152709941 is divided by 301?
300
Calculate the remainder when 1371197 is divided by 685596.
5
Calculate the remainder when 2176987 is divided by 503.
3
Calculate the remainder when 664941 is divided by 221646.
3
What is the remainder when 29951930 is divided by 858?
8
Calculate the remainder when 19128774 is divided by 11859.
207
What is the remainder when 149207136 is divided by 309?
306
What is the remainder when 4312627 is divided by 3576?
3547
Calculate the remainder when 28732277 is divided by 124.
113
Calculate the remainder when 182946 is divided by 60977.
15
What is the remainder when 3374 is divided by 1414?
546
Calculate the remainder when 3891722 is divided by 194583.
62
Calculate the remainder when 12120635 is divided by 310784.
59
What is the remainder when 34434767 is divided by 6886946?
37
What is the remainder when 160623834 is divided by 99?
96
What is the remainder when 1348110 is divided by 38?
22
What is the remainder when 2181387 is divided by 4195?
4182
Calculate the remainder when 1021315 is divided by 44396.
207
What is the remainder when 18047460 is divided by 12656?
4
What is the remainder when 321126 is divided by 791?
771
Calculate the remainder when 327546 is divided by 45.
36
Calculate the remainder when 452842 is divided by 1887.
1849
Calculate the remainder when 4006655 is divided by 94.
93
Calculate the remainder when 167149 is divided by 82284.
2581
Calculate the remainder when 11373101 is divided by 953.
952
What is the remainder when 42452769 is divided by 6064680?
9
Calculate the remainder when 1142010 is divided by 7098.
6330
Calculate the remainder when 1640793 is divided by 1640748.
45
Calculate the remainder when 4335867 is divided by 619402.
53
Calculate the remainder when 2251371 is divided by 2206.
1251
What is the remainder when 179526 is divided by 93?
36
What is the remainder when 46760098 is divided by 5845010?
18
Calculate the remainder when 1750967 is divided by 692.
207
What is the remainder when 38464222 is divided by 377100?
22
What is the remainder when 2700401 is divided by 142?
129
Calculate the remainder when 4174142 is divided by 566.
458
What is the remainder when 147317 is divided by 36749?
321
Calculate the remainder when 418358 is divided by 5729.
141
Calculate the remainder when 496001 is